{"id":2,"date":"2007-10-25T10:26:37","date_gmt":"2007-10-25T08:26:37","guid":{"rendered":""},"modified":"2026-04-08T14:08:35","modified_gmt":"2026-04-08T13:08:35","slug":"about","status":"publish","type":"page","link":"https:\/\/szinmuvek.hu\/?page_id=2","title":{"rendered":"MI"},"content":{"rendered":"<p>Imm\u00e1ron tizenketten vagyunk, vegyes a kollekt\u00edva, mint ahogy a feladataink is. Formatervez\u0151k, grafikusok \u00fclnek vagy \u00e1llnak a g\u00e9pn\u00e9l.<\/p>\n<p>\u00dagy alakult, hogy mi legink\u00e1bb filmd\u00edszletekkel foglalkozunk. Ugyan sz\u00edvesen kir\u00e1ndulunk m\u00e1s ter\u00fcletekre, de ez adja a k\u00e9t f\u0151 csap\u00e1sir\u00e1nyt.<\/p>\n<p><strong>3d&nbsp;<\/strong><br \/>\nEme div\u00edzi\u00f3t digit\u00e1lis szobr\u00e1szm\u0171helynek nevezn\u00e9m, ha lenne ilyen kifejez\u00e9s.&nbsp;Testmodellez\u00e9ssel, d\u00edszletek, val\u00f3s m\u00e9ret\u0171 makettek, szobrok, \u00e9p\u00fcletszobr\u00e1szati elemek, \u0151smint\u00e1k, kivitelez\u00e9s\u00e9vel foglalkozik, de ketyer\u00e9k, bizgenty\u0171k is k\u00e9sz\u00fclnek n\u00e1lunk ha \u00fagy ad\u00f3dik.<br \/>\nA lehet\u0151s\u00e9geknek sz\u00e9les a sk\u00e1l\u00e1ja: Megtervezz\u00fck, vagy fogadjuk a tervedet, \u00f6tleted, szobrod, b\u00e1rmid. Kiv\u00e1gjuk habb\u00f3l, kimarjuk (majdnem)b\u00e1rmib\u0151l, nyess\u00fck l\u00e9zerrel, form\u00e1zzuk v\u00e1kuummal, nyomtatjuk 3d nyomtat\u00f3val, esetleg v\u00e9g\u00fcl \u00f6ssze\u00e1ll\u00edtjuk. Rendszerint szerencs\u00e9re szakmabeliekkel dolgozunk, \u00edgy azt\u00e1n (illetve hely \u00e9s er\u0151forr\u00e1s hi\u00e1ny\u00e1ban) a telep\u00edt\u00e9s, fest\u00e9s, \u00f6ssze\u00e1ll\u00edt\u00e1s, finisel\u00e9s t\u00f6bbnyire m\u00e1r nem a mi dolgunk.<\/p>\n<p><strong>2d&nbsp;<\/strong><br \/>\nNem tagadjuk meg a gy\u00f6kereink, ami alapot adott erre a sok j\u00f3ra, \u00edgy tov\u00e1bbra is foglalkozunk grafikai tervez\u00e9ssel, sz\u00e9les form\u00e1tum\u00fa nyomtat\u00e1ssal. A filmes munk\u00e1k nyom\u00e1n rengetegszer \u00e9leth\u0171, \u00e1mde &#8222;kamu&#8221; fel\u00fcletek, mint m\u00e1rv\u00e1ny , fa-, f\u00e9m-, vagy k\u0151hat\u00e1s\u00fa nyomatok, v\u00e1sznak, \u00fczletek dekor\u00e1ci\u00f3i, tap\u00e9t\u00e1k, plak\u00e1tok, \u00f3ri\u00e1s h\u00e1tterek, festm\u00e9ny reprodukci\u00f3k, kell\u00e9k \u00fajs\u00e1gok ker\u00fclnek ki kezeink k\u00f6z\u00fcl.<\/p>\n<p><span style=\"color: #c0c0c0;\"><strong>REFERENCI\u00c1INKR\u00d3L<br \/>\n<\/strong><\/span><\/p>\n<p>Az a csod\u00e1latos a filmes munk\u00e1inkban, hogy nem szabad vel\u00fck dicsekedni, \u00edgy azt\u00e1n nem lehet&nbsp; tele a weboldalunk a munk\u00e1inkkal.<\/p>\n<p>Mindenesetre dolgoztunk ezekben a filmekben:<br \/>\n<strong>Csod\u00e1latos J\u00falia,&nbsp;<\/strong><strong>Konyec, Overnight, The Moon Princess, Made in Hungaria, P\u00e1nik, Rite, Monte Carlo, Borgias, Katedr\u00e1lis, World War Z, In the Land of Blood and Honey, Die hard5, Liza a r\u00f3kat\u00fcnd\u00e9r, Last Kingdom, Stikeback, Spy, X-Company (4 \u00e9vad), Atomic Blond, Red Sparrow, Martian, Inferno, Spectral, Blade Runner 2049, Mars ( 2 \u00e9vead &#8211; NGC), Terror, Colette, Emerald City, Saul fia, Sunset, Vanaty Fair, Marco Polo, Queen of Spain, Budapest Noir, Robin Hood &#8230;tov\u00e1bb\u00e1 sok egy\u00e9b<br \/>\n<\/strong>Eme filmekben n\u00e9ha apr\u00f3s\u00e1gokat csin\u00e1ltunk, m\u00e1skor nem, akit \u00e9rdekel, szem\u00e9lyesen elmondom.<\/p>\n<p><strong>Munich<br \/>\n<\/strong>Maxim\u00e1lis tisztelet Spielberg uramnak, n\u00e9lk\u00fcle nem voln\u00e1nk sehol. Sok budapesti utc\u00e1b\u00f3l, p\u00e1lyaudvarb\u00f3l, stadionb\u00f3l lett annak idej\u00e9n London, P\u00e1rizs, R\u00f3ma, Genf, M\u00fcnchen&#8230;<\/p>\n<p><strong>Hellboy II<\/strong><\/p>\n<p>Sz\u00edvesen <a href=\"http:\/\/szinmuvek.hu\/upload\/hellboy\/\" target=\"_blank\" rel=\"noopener noreferrer\">mutogatjuk<\/a> ezt a brut\u00e1lis <a href=\"http:\/\/www.hellboymovie.com\/qtvr\/qtvr.html\" target=\"_blank\" rel=\"noopener noreferrer\">oszlopcsarnokot<\/a>, katlant, vagy mit. Sok k\u00f6z\u00fcnk van hozz\u00e1.<\/p>\n<p><strong><a href=\"http:\/\/szinmuvek.hu\/upload\/blog\/hellboy_csarnok.jpg\" target=\"_blank\" rel=\"noopener noreferrer\"><img decoding=\"async\" loading=\"lazy\" class=\"alignnone\" style=\"border: 2px solid white;\" src=\"http:\/\/szinmuvek.hu\/upload\/blog\/hellboy_csarnok_web.jpg\" alt=\"\" width=\"450\" height=\"150\" \/><\/a><\/strong><\/p>\n<p>&nbsp;<\/p>\n<p><span style=\"color: #c0c0c0;\"><strong>MODELL, SZOBOR, EZMEGAZ, HABV\u00c1G\u00c1S<br \/>\n<\/strong><\/span><\/p>\n<p><a href=\"http:\/\/szinmuvek.hu\/upload\/koraik\/\" target=\"_blank\" rel=\"noopener noreferrer\">Archaikus villanyszobr\u00e1szat &#8211; korai f\u00e9nykor<\/a><a href=\"http:\/\/szinmuvek.hu\/upload\/koraik2\/\" target=\"_blank\" rel=\"noopener noreferrer\"><br \/>\n\u00c9rett f\u00e9nykorsza<\/a><a href=\"..\/upload\/habminta\" target=\"_blank\" rel=\"noopener noreferrer\">k<br \/>\nMindenf\u00e9le modellek<\/a><\/p>\n<p><span style=\"color: #c0c0c0;\"><strong>KER\u00c9KP\u00c1R TERVEZ\u00c9S\u00dcGYILEG<\/strong><\/span><\/p>\n<p><a href=\"..\/upload\/hauser\" target=\"_blank\" rel=\"noopener noreferrer\">Hauser ker\u00e9kp\u00e1rok<\/a><br \/>\n<a href=\"..\/upload\/caprine\" target=\"_blank\" rel=\"noopener noreferrer\">Caprine ker\u00e9kp\u00e1rok<\/a><br \/>\n<a href=\"..\/upload\/wenson\" target=\"_blank\" rel=\"noopener noreferrer\">Wenson ker\u00e9kp\u00e1rok<\/a><br \/>\n<a href=\"..\/upload\/skarpea\" target=\"_blank\" rel=\"noopener noreferrer\">Skarpea ker\u00e9kp\u00e1rok<\/a><\/p>\n<p><span style=\"color: #c0c0c0;\"><strong>FEL\u00dcLETALKOT\u00c1S, DIGIT\u00c1LIS NYOMTAT\u00c1S<br \/>\n<\/strong><\/span><\/p>\n<p>j\u00f3l hangzik mi? a printel\u0151s, kivitelez\u0151s s\u00edkbeli munk\u00e1ink fed\u0151neve.<br \/>\n<a href=\"http:\/\/szinmuvek.hu\/wordpress\/?cat=13\" target=\"_blank\" rel=\"noopener noreferrer\">ett\u0151l m\u00e9g lehet sz\u00e9p<\/a><\/p>\n<p><span style=\"color: #999999;\">&nbsp;<\/span><\/p>\n<a href=\"http:\/\/www.facebook.com\/share.php?u=https%3A%2F%2Fszinmuvek.hu%2F%3Fpage_id%3D2&amp;t=MI\" id=\"facebook_share_button_2\" style=\"font-size:11px; line-height:13px; font-family:'lucida grande',tahoma,verdana,arial,sans-serif; text-decoration:none; display: -moz-inline-block; display:inline-block; padding:1px 20px 0 5px; margin: 5px 0; height:15px; border:1px solid #d8dfea; color: #3B5998; background: #fff url(http:\/\/b.static.ak.fbcdn.net\/images\/share\/facebook_share_icon.gif) no-repeat top right;\">Share<\/a>\r\n\t<script type=\"text\/javascript\">\r\n\t<!--\r\n\tvar button = document.getElementById('facebook_share_link_2') || document.getElementById('facebook_share_icon_2') || document.getElementById('facebook_share_both_2') || document.getElementById('facebook_share_button_2');\r\n\tif (button) {\r\n\t\tbutton.onclick = function(e) {\r\n\t\t\tvar url = this.href.replace(\/share\\.php\/, 'sharer.php');\r\n\t\t\twindow.open(url,'sharer','toolbar=0,status=0,width=626,height=436');\r\n\t\t\treturn false;\r\n\t\t}\r\n\t\r\n\t\tif (button.id === 'facebook_share_button_2') {\r\n\t\t\tbutton.onmouseover = function(){\r\n\t\t\t\tthis.style.color='#fff';\r\n\t\t\t\tthis.style.borderColor = '#295582';\r\n\t\t\t\tthis.style.backgroundColor = '#3b5998';\r\n\t\t\t}\r\n\t\t\tbutton.onmouseout = function(){\r\n\t\t\t\tthis.style.color = '#3b5998';\r\n\t\t\t\tthis.style.borderColor = '#d8dfea';\r\n\t\t\t\tthis.style.backgroundColor = '#fff';\r\n\t\t\t}\r\n\t\t}\r\n\t}\r\n\t-->\r\n\t<\/script>\r\n\t","protected":false},"excerpt":{"rendered":"<p>Imm\u00e1ron tizenketten vagyunk, vegyes a kollekt\u00edva, mint ahogy a feladataink is. Formatervez\u0151k, grafikusok \u00fclnek vagy \u00e1llnak a g\u00e9pn\u00e9l. \u00dagy alakult, hogy mi legink\u00e1bb filmd\u00edszletekkel foglalkozunk. Ugyan sz\u00edvesen kir\u00e1ndulunk m\u00e1s ter\u00fcletekre, de ez adja a k\u00e9t f\u0151 csap\u00e1sir\u00e1nyt. 3d&nbsp; Eme div\u00edzi\u00f3t digit\u00e1lis szobr\u00e1szm\u0171helynek nevezn\u00e9m, ha lenne ilyen kifejez\u00e9s.&nbsp;Testmodellez\u00e9ssel, d\u00edszletek, val\u00f3s m\u00e9ret\u0171 makettek, szobrok, \u00e9p\u00fcletszobr\u00e1szati elemek, \u0151smint\u00e1k, [&hellip;]<\/p>\n<a href=\"http:\/\/www.facebook.com\/share.php?u=https%3A%2F%2Fszinmuvek.hu%2F%3Fpage_id%3D2&amp;t=MI\" id=\"facebook_share_button_2\" style=\"font-size:11px; line-height:13px; font-family:'lucida grande',tahoma,verdana,arial,sans-serif; text-decoration:none; display: -moz-inline-block; display:inline-block; padding:1px 20px 0 5px; margin: 5px 0; height:15px; border:1px solid #d8dfea; color: #3B5998; background: #fff url(http:\/\/b.static.ak.fbcdn.net\/images\/share\/facebook_share_icon.gif) no-repeat top right;\">Share<\/a>\r\n\t<script type=\"text\/javascript\">\r\n\t<!--\r\n\tvar button = document.getElementById('facebook_share_link_2') || document.getElementById('facebook_share_icon_2') || document.getElementById('facebook_share_both_2') || document.getElementById('facebook_share_button_2');\r\n\tif (button) {\r\n\t\tbutton.onclick = function(e) {\r\n\t\t\tvar url = this.href.replace(\/share\\.php\/, 'sharer.php');\r\n\t\t\twindow.open(url,'sharer','toolbar=0,status=0,width=626,height=436');\r\n\t\t\treturn false;\r\n\t\t}\r\n\t\r\n\t\tif (button.id === 'facebook_share_button_2') {\r\n\t\t\tbutton.onmouseover = function(){\r\n\t\t\t\tthis.style.color='#fff';\r\n\t\t\t\tthis.style.borderColor = '#295582';\r\n\t\t\t\tthis.style.backgroundColor = '#3b5998';\r\n\t\t\t}\r\n\t\t\tbutton.onmouseout = function(){\r\n\t\t\t\tthis.style.color = '#3b5998';\r\n\t\t\t\tthis.style.borderColor = '#d8dfea';\r\n\t\t\t\tthis.style.backgroundColor = '#fff';\r\n\t\t\t}\r\n\t\t}\r\n\t}\r\n\t-->\r\n\t<\/script>\r\n\t","protected":false},"author":1,"featured_media":0,"parent":0,"menu_order":0,"comment_status":"open","ping_status":"open","template":"","meta":{"ngg_post_thumbnail":0},"_links":{"self":[{"href":"https:\/\/szinmuvek.hu\/index.php?rest_route=\/wp\/v2\/pages\/2"}],"collection":[{"href":"https:\/\/szinmuvek.hu\/index.php?rest_route=\/wp\/v2\/pages"}],"about":[{"href":"https:\/\/szinmuvek.hu\/index.php?rest_route=\/wp\/v2\/types\/page"}],"author":[{"embeddable":true,"href":"https:\/\/szinmuvek.hu\/index.php?rest_route=\/wp\/v2\/users\/1"}],"replies":[{"embeddable":true,"href":"https:\/\/szinmuvek.hu\/index.php?rest_route=%2Fwp%2Fv2%2Fcomments&post=2"}],"version-history":[{"count":79,"href":"https:\/\/szinmuvek.hu\/index.php?rest_route=\/wp\/v2\/pages\/2\/revisions"}],"predecessor-version":[{"id":1441,"href":"https:\/\/szinmuvek.hu\/index.php?rest_route=\/wp\/v2\/pages\/2\/revisions\/1441"}],"wp:attachment":[{"href":"https:\/\/szinmuvek.hu\/index.php?rest_route=%2Fwp%2Fv2%2Fmedia&parent=2"}],"curies":[{"name":"wp","href":"https:\/\/api.w.org\/{rel}","templated":true}]}}